number?
True
Let h(c) = -7*c - 9*c + 1 - c**3 + 10*c**2 - 6*c - 2*c**2. Is h(-8) a composite number?
False
Suppose -3*u - 45 = -5*q, -5*u - 32 = -q - 1. Let w be q + 1*0/1. Suppose w*s - 2*s = 636. Is s a prime number?
False
Suppose 57250 = 24*n - 72086. Is n a prime number?
False
Suppose 3*v = -4*z + 512, 2*v - v = -4. Suppose -z = -o - 6. Suppose g + 6 - o = 0. Is g prime?
False
Let b(u) = 305*u**2 - 29*u - 9. Is b(-3) composite?
True
Suppose -2*y + 37200 = 4*q, 5*q = 5*y + 27963 + 18552. Is q a prime number?
False
Let n be (3 + (-12)/9)*3. Let a(d) = 15*d - 7. Let s(b) = 23*b - 10. Let w(q) = 8*a(q) - 5*s(q). Is w(n) a composite number?
False
Let b be 54/18*-1*3. Is 18/12*(-948)/b prime?
False
Suppose 0 = 15*p - 8*p - 40943. Is p a composite number?
False
Suppose 10*b - 8*b = -58. Let q = -19 - b. Suppose -4*v - 1230 = -q*v. Is v prime?
False
Suppose 348124 = 5*l - 50971. Is l composite?
True
Suppose -17*w + 74515 = 18*w. Is w composite?
False
Suppose -3*s + 10 + 23 = 0. Let p(t) = -t**3 + 10*t**2 + 12*t - 6. Let l be p(s). Let w(z) = 19*z - 6. Is w(l) a composite number?
False
Let s be (-2 + 1)*-5*(-8)/5. Is 2/s + (-9)/8*-74 composite?
False
Let l be 7*-1*12/(-21). Suppose 4*s = -4, 4*r + l = 4*s + 8. Suppose 5*k - 5*x - 675 = r, -5*k - 166 = -x - 837. Is k composite?
True
Let c = 11 - -94. Let x = 162 - c. Is x a composite number?
True
Suppose 0 = -0*q - 4*q + 20. Suppose g = q*g - 6556. Is g prime?
False
Suppose 0 = -13*m + 250829 + 9860. Is m a composite number?
True
Suppose 2*q - 15 + 7 = 0. Suppose 0 = q*t + 48 - 1408. Suppose -k + t = -c, 3*c + 542 + 815 = 4*k. Is k prime?
True
Let d = 2574 + -1570. Let c = -697 + d. Is c a prime number?
True
Let p(v) = 431*v. Suppose -2*c + 3 = -0*u + 3*u, -3*c - 5 = -5*u. Is p(u) a prime number?
True
Let w be 47*(-3)/(-3)*47. Let l = -1016 + w. Is l composite?
False
Let i be 63/(-6)*(-6)/9. Is ((-7)/i)/(2/(-50)) prime?
False
Suppose 3*n - 4*h - 119 = 291, 3*h = -6. Suppose -b = -v - 235, -n + 610 = 2*b + 4*v. Suppose 0*j + 4*j = b. Is j a prime number?
True
Suppose 0 = 46*j - 62*j + 48112. Is j composite?
True
Let y = 13 + -9. Suppose 0 = 4*s - 3*s + y*a - 119, 0 = 3*s + 5*a - 371. Let j = s + -44. Is j prime?
True
Let a be 91/26*8/7. Let d = -1 - -1. Suppose 0 = -a*y - d*l - 5*l + 116, -3*l - 46 = -y. Is y a composite number?
True
Let s(q) be the second derivative of 31*q**3/6 - 6*q**2 - 3*q. Let m be s(-10). Let a = 545 + m. Is a prime?
True
Let r(g) = -377*g + 69. Let y = -102 - -82. Is r(y) a prime number?
False
Suppose 10*m = 4108 + 9882. Is m prime?
True
Let a(l) = -2*l**3 + 6*l**2 + 9*l + 3. Let j = -60 + 55. Is a(j) a composite number?
True
Let o(c) = 884*c**2 - 11*c - 37. Is o(6) a prime number?
True
Let x be 2/((-51)/(-24) + -2). Let u = -16 + x. Suppose 5*w + 0*w - 155 = u. Is w a composite number?
False
Suppose -35 = 5*q - 5*y, 5*y + 0*y = 2*q + 5. Let n be q/(-20) + (-3542)/(-4). Let b = n - 593. Is b a composite number?
False
Let f(a) = 4*a**2 + 4*a - 11. Let x be f(-11). Let d = 250 + x. Is d a prime number?
False
Suppose 4*a + 117 = 365. Is a a prime number?
False
Suppose 3*n = -4*z - 27, 0 = 5*n + 5*z - 0*z + 50. Let s be 2/n + 4214/182. Suppose -l = -s - 12. Is l a prime number?
False
Is 2328 - -3*(-10)/(-6) prime?
True
Is ((-54710)/6)/((-85)/255) prime?
False
Let c(z) = -z**2 - 8*z - 7. Let f be c(-8). Let g(l) = l**3 + 7*l**2 - 2*l - 5. Is g(f) a composite number?
True
Let r = -56768 - -105715. Is r a composite number?
False
Suppose q = -3*q - 3*b - 43, -q + 4*b - 6 = 0. Let r(v) = v**3 + 10*v**2 + 2. Let p be r(q). Is 1 + p - (-155)/5 a composite number?
True
Let s(k) = k**3 + 41*k**2 + 22*k - 41. Is s(-17) a prime number?
True
Suppose -4*w - k - 2466 = k, 5*w - 3*k + 3099 = 0. Let n = 1037 + w. Is n composite?
False
Let j = 71 - 74. Let f(g) = -23*g**3 - g**2 - 4*g + 5. Is f(j) prime?
False
Let w(a) = 1651*a**2 + 41*a - 41. Is w(1) a composite number?
True
Let x(m) = m**3 - 5*m + 7 + 13*m**2 + 2 + 19*m. Let b be x(-12). Is (635/b)/((-2)/6) a composite number?
False
Suppose 0*l - 3*l + 9 = 0. Let f = 93 + -93. Suppose -l*i + f*i + 141 = 0. Is i composite?
False
Let b(x) be the third derivative of 167*x**6/15 - x**4/24 + x**3/3 - 6*x**2. Is b(1) a composite number?
True
Let x(s) = s + 157. Let q be x(0). Let g(i) = 2*i**2 + 60*i + 16. Let m be g(-34). Let t = q + m. Is t a prime number?
False
Let a = -56 - -58. Suppose 0 = -a*y - 2*k + 853 + 513, 2740 = 4*y + 2*k. Is y a composite number?
True
Let x(h) = -154*h + 9. Let q(w) = -31*w + 2. Let u(k) = 11*q(k) - 2*x(k). Suppose -f - 7 = -2*n, -3*f - f - 22 = -5*n. Is u(f) a composite number?
False
Is (651760/(-15))/8*(-9)/6 composite?
False
Suppose -4*c = -3*c, 3*f - 6 = -c. Let v = -13 + f. Let m = v - -48. Is m a prime number?
True
Suppose -2*i + 0*i + 4 = 0. Suppose -i*j = -3*j. Let o(q) = -q**2 + q + 557. Is o(j) prime?
True
Suppose -5*z + 333 = 5*r - 292, -5*r + 2*z = -660. Let f = 199 + r. Is f a prime number?
False
Let g(t) be the first derivative of 11*t**6/180 - t**5/30 + 5*t**4/24 + 2*t**3/3 - 1. Let q(z) be the third derivative of g(z). Is q(3) a composite number?
False
Let h(a) = 7*a**2 + 4*a**2 - 1 + 4*a + 7*a**2 - 10*a**2. Suppose -r + 5*x - 18 = 0, 15 = -4*r - 5*x + 6*x. Is h(r) a composite number?
False
Suppose 3*m - 7972 = -2*l, -4*m = -3*l + 4087 + 7888. Is l prime?
True
Suppose -2034 = -5*a - 2*p - 534, a + 3*p - 287 = 0. Let m = -187 + a. Suppose 0 = -2*c + 3*c - m. Is c a prime number?
False
Suppose -4*g - g = -5*p - 4580, 0 = 2*g + 3*p - 1807. Is g composite?
False
Suppose -10*x + 1867 = -7623. Is x composite?
True
Suppose 19 = i - g, i - 3*g = -15 + 42. Suppose i*c - 8*c - 6685 = 0. Is c prime?
False
Is (6 - -7272) + (-25)/(-5) composite?
False
Suppose 2*o - 70 = -3196. Let j be -2*o/(-12)*-2. Suppose -5*x = -25, -x + 8 = -2*r + j. Is r composite?
True
Suppose -12*o + 122162 = -50986. Is o a composite number?
True
Let l(m) = -1238*m - 201. Is l(-7) a composite number?
True
Let h(d) = d**2 - 6*d - 1. Let u be h(7). Suppose u*s - 15050 = -488. Is s a prime number?
False
Let k(j) = -2. Let n(p) = 19*p + 3. Let z(w) = -5*k(w) + n(w). Let u be ((-12)/(-10))/(-1)*-5. Is z(u) composite?
False
Let n be 8*((-28)/(-8) + -3). Is -2*(n + (-117)/2) a composite number?
False
Let i(g) = -25*g**2 - 5*g + 31. Let c(r) = 25*r**2 + 6*r - 32. Let k(t) = -5*c(t) - 6*i(t). Is k(11) a prime number?
True
Is ((-169558)/(-153))/((-4)/(-18)) a composite number?
False
Let m = 4112 - 1872. Is (32/48)/(2 - m/1122) prime?
False
Let c be (-12)/20 - (-86)/10. Suppose -126 = -j + c. Suppose -3*a = -a - j. Is a composite?
False
Let q(t) = t**3 + 2*t**2 + 6*t. Let u(a) = 4*a**3 + 7*a**2 + 25*a + 1. Let c(d) = 2*d + 9. Let f be c(-9). Let s(g) = f*q(g) + 2*u(g). Is s(-7) prime?
False
Suppose 4*o = -5*s + 8*o + 2, 3*s + 2 = 4*o. Suppose s*i = l - i - 176, -186 = -l + i. Is l prime?
True
Suppose -x + 8090 = 4*x + 3*d, -3*x - d + 4850 = 0. Suppose -6*h = -h - x. Is h prime?
False
Let i be ((-163944)/(-42) - 5) + 3/(-7). Let v = -227 + i. Is v a composite number?
False
Suppose 0 = -4*s + 4026 - 1030. Let p = 2112 - s. Is p prime?
False
Let k be -2 - (126/(-8))/(16/64). Is k/2 + ((-33)/6)/(-11) composite?
False
Suppose -6*m = 1094 - 10442. Suppose 5*y = m + 2857. Is y a composite number?
False
Is 8501/(((-13)/((-104)/(-16)))/(-2)) a composite number?
False
Suppose 5*c = 9*c - 20. Suppose 0 = c*t - 8*t + 6. Suppose 2*y = 74 + t. Is y a prime number?
False
Let h = -6 - -15. Suppose 3*n = -3*z, -4*n = -2*z - 3*z - h. Is (n + 315)*(-1)/(-2) prime?
False
Suppose 0 = 2*u - q + 1, 2*q - q - 1 = 0. Let i(w) = w + 4. Let k be i(u). Suppose 220 - 3176 = -k*a. Is a composite?
False
Suppose 0 = 8361*z - 8364*z + 24363. Is z composite?
True
Let p(w) be the first derivative of w**7/280 - w**6/60 + w**5/40 - w**4/8 - 4*w**3/3 + 3. Let v(k) be the third derivative of p(k). Is v(3) composite?
True
Suppose 4*y + j + 5 + 4 = 0, 0 = 3*y - 3*j - 12. Let u = 5 + y. Suppose -d = -0*d - u*a - 62, -d - 5*a + 89 = 0. Is d a composite number?
True
Let f(t) = 52*t**3 + 10*t - 3. Is f(5) a composite number?
False
Suppose -556 = -q + 241. Is q a prime number?
True
Let v = 12 - 10. Suppose -v*x = 3*d - 2678, 3*x = x - 4. Suppose -2*s - 56 + d = 0. Is s composite?
False
Let z b